24*t**4 + 0 + 0*t. What is y(6)?
27
Let a(j) = 128*j + 2. Let r(g) = 346*g + 5. Let k(l) = -8*a(l) + 3*r(l). What is k(-1)?
-15
Let d(z) be the first derivative of -15*z**2 + z + 2145. Give d(-1).
31
Let l(k) = k**2 - 3*k - 7. Let v(f) = f + 8 - 2*f + 4. Suppose -20*h = -677 + 537. Let n be v(h). Calculate l(n).
3
Let g(l) = -2*l**2 + 7*l - 3. Let k(t) = -t**2 - t. Let s(j) = -g(j) + k(j). Suppose -171 = 7*d - 76*d + 312. Give s(d).
-4
Let f(w) be the third derivative of w**6/30 - w**5/30 + w**4/12 + w**3/3 + w**2. Let s = -594 - -597. Suppose 0*p + s*p - 9 = -3*t, -2*t = -p. Give f(p).
30
Let l = -4 - -3. Let t be -31 - -39 - (-1 - -1). Let f(p) = 14*p - 23 + t + 11 + 5. Calculate f(l).
-13
Let d be (2/3)/(2/3). Suppose -1311 = -15*k - 1611. Let y be (-4)/k - d/(10/62). Let w(p) = p**2 + 5*p - 6. Calculate w(y).
0
Let u(g) = 1 - g - 3 + 6. Let s = 720 - 713. Give u(s).
-3
Let p(n) = -4*n + 1. Let s(x) = -x. Suppose 0 = -m - 15 + 57. Let z = m + -44. Let o(f) = z*s(f) + p(f). Give o(-4).
9
Let q(m) be the second derivative of -3*m**4/2 + 2*m**3/3 - 2*m**2 - 8589*m. Calculate q(1).
-18
Let w(u) = -4*u**3 - 28*u**2 + 72*u + 2. Let y be w(-9). Let l(z) be the second derivative of 15*z + 0 + 4/3*z**3 - 3/2*z**y. Give l(-3).
-27
Suppose 29*j + 7*j = 18 + 18. Let v(r) = -30*r + 2. Calculate v(j).
-28
Let t(f) be the second derivative of 1/12*f**4 - f**3 + 6*f + 0 - 3*f**2. Let d(h) = h**3 - 7*h**2 + h + 1. Let m be d(7). What is t(m)?
10
Let c(l) = -7*l**3 + l**2 - l + 1. Let r = 517 - 519. Let q be -4 + 2 + (r + 0 - -5). Calculate c(q).
-6
Let m(x) = -x**3 - 12*x**2 + 2*x + 17. Let k be m(-12). Let c be -5*3*6/(-45). Let i(o) = -4*o - 4*o + c*o + 4*o - 9. What is i(k)?
5
Let o(k) be the second derivative of -2*k**4/3 - 11*k**3/6 + 2*k**2 + 11*k - 135. Calculate o(-5).
-141
Suppose 21*j = 19*j + 1030. Let c = -514 + j. Let b(m) = 4*m + 1. Determine b(c).
5
Let f(d) = -d**3 - 7*d**2 + 13*d + 56. Suppose -s = -4*q - 29, 2*q - 4*q - 5*s - 31 = 0. Calculate f(q).
16
Let j be (-10)/(-12) + (-2368)/(-384). Let r(w) = 10*w - 13. Calculate r(j).
57
Suppose -13*c - 111 = -16*c. Let f(z) = 9*z + 2*z + 8 + z**3 - 29*z**2 - 3*z + c*z**2. Let s(y) = -2*y - 31. Let a be s(-12). Determine f(a).
1
Let r(c) be the first derivative of -c**3/3 - c**2/2 - 14*c + 2347. Give r(0).
-14
Let w(d) = 2*d**2 + 5*d + 4. Let z be w(-3). Let b(m) = 4*m**2 - 3*m**2 + z*m + 4 - 1. Suppose 382*a + 426*a - 196*a + 3300 = 62*a. Calculate b(a).
-3
Let q(c) = -c**2 - c + 3. Let x(o) = o**2 - 10*o - 75. Let j be x(-5). Suppose -h + 14*h + 39 = j. Give q(h).
-3
Let r(g) = 92*g**2 - 13*g - 3 - 190*g**2 - g**3 + 84*g**2 - 5*g. Calculate r(-12).
-75
Let p(l) = -l**2 - 3*l - 7. Let a(o) be the first derivative of 2*o**3/3 + 5*o**2/2 + 15*o + 25. Let c(b) = -2*a(b) - 5*p(b). Give c(-4).
1
Let j(i) = 2*i + 17. Suppose 0 = 3*w - 5*m + 4, 3*m - 6*m = 3. What is j(w)?
11
Let u(v) = 4*v**2 - 68*v - 12. Suppose 262 = 14*z - 4*o, -3*o = 5*z - 30 - 37. Determine u(z).
-12
Let r(t) = 7*t + 4. Suppose 2*d + 5*v - v + 10 = 0, 0 = -d - 4*v - 1. Let f(s) = -15*s - 8. Let m(h) = d*r(h) - 4*f(h). Give m(-2).
2
Let p(d) = 2*d**2 + 10*d + 7. Let g = 2 + 1. Suppose -7*m + 24 = g. Suppose 24 = -f - m*f. Determine p(f).
19
Let c(d) = -d + 12. Let s(f) = f**3 + 26*f**2 + 23*f - 48. Let o be s(-25). Let u be 11 - ((-16)/64)/(o/8). Give c(u).
0
Let h(g) = 4 - 13*g**2 - 6 - g**3 + 14*g + 6. Suppose 3*z + m = -46, z - m + 8 = -2. What is h(z)?
4
Let h(i) be the first derivative of 1/3*i**3 + 2 + 11*i + 1/2*i**2 + 1/4*i**4. Suppose 3*o + 4*x = -20, 2*x - x + 5 = -o. Calculate h(o).
11
Let t(i) be the second derivative of -i**3/3 - 157*i**2/2 - 2*i - 4951. What is t(0)?
-157
Let g(d) = d + 12. Let n(o) = 6*o + 68. Let s(k) = 11*g(k) - 2*n(k). Determine s(-9).
5
Let c(s) = s**2 + 13*s + 13. Suppose 9*w + 128 = 20. Let x be 11*(117/(-81) - w/27). Determine c(x).
-9
Let o(x) = 2*x + 1. Let c(d) = d**2 + 8*d - 20. Let m be c(-10). Let f = 3 - 1. Suppose -a + f*g - 13 = -0*g, m = 4*a - 2*g + 22. Determine o(a).
-5
Suppose -b - 5*t = -16, 2*b - t + 7 = 17. Let j(w) be the first derivative of 1/2*w**2 - b + 12*w. Give j(-10).
2
Let m(w) = 4*w**3 + 2*w**2 + w + 2. Let x = 19393 + -19395. Calculate m(x).
-24
Let i be (-33)/(-9) + 2*(-4)/(-24). Suppose -20 = -i*d - 9*c + 7*c, -2*c + 8 = 0. Let n(v) = 148 - 2*v - 149 + 0*v + d*v. Calculate n(-8).
-9
Suppose -8*o = -7*o - 118*o + 702. Let t(x) = 2*x - 9. What is t(o)?
3
Let z(n) = -2*n**2 - 6*n + 1. Suppose 4*c = -16, -4*p - 5*c = -9*c - 20. Suppose r - p = 2*k, -35*r = -30*r - 3*k + 16. Give z(r).
-19
Let y(c) = -7261*c**2 + 7*c - 2 + 7*c - 2*c + 7259*c**2. Suppose 0 = 3*u + p - 19, -1 = u - 4*p - 3. Calculate y(u).
-2
Let j(h) = -h + 9. Let o(v) = -2*v**2 + 17*v - 22. Let b be o(7). Let z be ((-26)/(-52))/(b/(-6)). Calculate j(z).
6
Suppose g = 5*v + 15 + 6, -3*v - 11 = g. Let z(t) = -29 - 7*t + 10 + 5 + 13. Determine z(g).
-8
Let g(w) = w**2 + 9*w + 9. Let j = -118 - -120. Let p be 437/(-69) - j/(-6). Calculate g(p).
-9
Let d(k) = 19*k**3 - 56*k**2 + 42*k - 3. Let s(f) = 54*f**3 - 161*f**2 + 127*f - 10. Let g(y) = 17*d(y) - 6*s(y). Give g(9).
-18
Let w(b) be the second derivative of b**4/12 - 9*b**3/2 - 27*b**2/2 - 3174*b. Determine w(-1).
1
Let f = 10 + -53. Let l = -42 - f. Let p(c) = 1 + 1 + 7 + 3*c - l. Determine p(-6).
-10
Let c(l) = 308*l + 957. Let z be c(-3). Let w(a) be the third derivative of 0*a + 5/6*a**3 - 1/24*a**4 + 0 - z*a**2. What is w(3)?
2
Let s(c) = -c**2 + 4*c + 13. Let w be s(6). Suppose -11 = f + 5*n - 8*n, -3*n + w = f. Let d(l) = l**2 + 5*l + 7. What is d(f)?
7
Suppose d + 2 = -2. Let k be 6/10 + d/(-10). Let q(z) = -4*z - 9 + 8 - 4 + 6*z + 4. Calculate q(k).
1
Let q be (0 - 27)*(-16)/(-6). Let y = q + 80. Suppose y*p - 4*p = -20. Let s(b) = b + 2. Determine s(p).
-3
Let r(d) be the first derivative of -d**3/3 - 13*d**2/2 - 8*d - 595. Calculate r(-12).
4
Let m(s) = -7*s**2 + 9*s - 3. Let c(g) = -2*g**2 - 2*g - 1. Let k(i) = -4*c(i) + m(i). Let n(x) = x**2 + 16*x. Let q(r) = -6*k(r) + 7*n(r). Determine q(-11).
5
Let r be 1174/4 - 1/2. Suppose -w - 3*n - 59 + 77 = 0, -3*w + 29 = 4*n. Let c(f) = -w*f**2 - 4*f**2 + r*f - 10 + f**3 - 300*f. Determine c(8).
-2
Let t = -37 - -41. Suppose 0*m - 4*m - t*v + 24 = 0, -3*m = -v - 10. Suppose -5*w + 24 = 2*r, -r + m = 2. Let b(j) = -j**3 + 5*j**2 - 3*j - 5. Calculate b(w).
-1
Let z(p) be the third derivative of -128*p**2 - 1/24*p**4 + 1/3*p**3 + 0*p + 0. Determine z(2).
0
Let x(i) = i**3 + 6*i**2 + 5*i + 9. Suppose 412 = -16*b + 6876. Let c = -410 + b. Give x(c).
-21
Let i be 7 + -8 + -6 + 1. Let s(b) be the third derivative of -b**6/120 - 7*b**5/60 - 7*b**4/24 - b**3/3 + 3*b**2. Determine s(i).
4
Let d(r) = -49*r - 2. Let q(y) = 57*y + 2. Let s(o) = -6*d(o) - 5*q(o). Determine s(-3).
-25
Let c(l) = -19*l**3 - 36*l**2 + 24*l + 15. Let a(h) = -24*h**3 - 41*h**2 + 26*h + 15. Let s(f) = -4*a(f) + 5*c(f). Give s(15).
30
Let r(g) = 2*g - 11. Suppose 0 = 2*f + v - 6, -2*f = -3*f - 4*v + 3. Suppose 0 = -f*s + 4 - 10. Let c be (16/24)/(s/(-27)). Calculate r(c).
7
Let y(w) = 50*w + 141. Let t(s) = 433*s + 863. Let f be t(-2). What is y(f)?
-9
Suppose -2*i - 2 = 4. Let z(y) = -y**2 - 4*y. Let w be z(i). Let s(p) be the third derivative of -5*p**4/24 + 2*p**3/3 - 62*p**2 - 4. Give s(w).
-11
Let h(w) = -2*w + 8. Let n be 1*4 + 1 + (-27 - (-14 - 18)). What is h(n)?
-12
Let w(o) = -9*o + 4. Let y be w(1). Let g be (-12)/9*90/y. Let l be 1/2 - 12/g. Let v(j) = -j**3 + j - 20. What is v(l)?
-20
Let i(z) = 7*z**2 + 5*z - 3. Let x(g) = g**3 - 111*g**2 + 120*g - 1103. Let s be x(110). Calculate i(s).
45
Let z(r) = -51 + r**3 - r**2 + 54 - 4*r + 0*r - r. Suppose 4*v - u + 3*u - 16 = 0, -v + 4 = -5*u. Let o = -1 + v. Determine z(o).
6
Let z(h) = -h**2 - 6*h + 2. Suppose -6*c + 1 - 37 = 0. Let g be z(c). Suppose 0 = -2*y - 7*p + 3*p + 2, g*y + 3*p = 2. Let r(f) = 22*f**2 - 1. Determine r(y).
21
Let g(q) = q + 19. Let t be g(-17). Let n(l) = -6*l**t - 16*l**3 + 16*l**3 - 6 + l**3 + l. Give n(5).
-26
Suppose 94 - 66 = 14*s. Let x(f) = -6*f**3 + 8*f**2 - 10*f + 10. Let z(t) = 7*t**3 - 9*t**2 + 11*t - 11. Let u(h) = -6*x(h) - 5*z(h). Determine u(s).
1
Let l(z) = -8*z. Suppose -3*w = 4*n - 38, n + 4 = 3*w - 9. Suppose w*a + 10*a - 16 = 0.